{"id":12,"date":"2022-02-25T20:51:51","date_gmt":"2022-02-25T19:51:51","guid":{"rendered":"http:\/\/www.kinderimwald.at\/wordpress\/?page_id=12"},"modified":"2026-03-26T10:56:33","modified_gmt":"2026-03-26T09:56:33","slug":"ueber-uns","status":"publish","type":"page","link":"https:\/\/www.kinderimwald.at\/wordpress\/ueber-uns\/","title":{"rendered":"\u00dcber mich"},"content":{"rendered":"<div data-colibri-id=\"12-c1\" class=\"style-280 style-local-12-c1 position-relative\">\n  <!---->\n  <div data-colibri-component=\"section\" data-colibri-id=\"12-c2\" id=\"custom\" class=\"h-section h-section-global-spacing d-flex align-items-lg-center align-items-md-center align-items-center style-343 style-local-12-c2 position-relative\">\n    <!---->\n    <!---->\n    <div class=\"h-section-grid-container h-section-boxed-container\">\n      <!---->\n      <div data-colibri-id=\"12-c3\" class=\"h-row-container gutters-row-lg-2 gutters-row-md-2 gutters-row-0 gutters-row-v-lg-2 gutters-row-v-md-2 gutters-row-v-2 style-344 style-local-12-c3 position-relative\">\n        <!---->\n        <div class=\"h-row justify-content-lg-center justify-content-md-center justify-content-center align-items-lg-stretch align-items-md-stretch align-items-stretch gutters-col-lg-2 gutters-col-md-2 gutters-col-0 gutters-col-v-lg-2 gutters-col-v-md-2 gutters-col-v-2\">\n          <!---->\n          <div class=\"h-column h-column-container d-flex h-col-lg-auto h-col-md-auto h-col-auto style-346-outer style-local-12-c4-outer\">\n            <div data-colibri-id=\"12-c4\" class=\"d-flex h-flex-basis h-column__inner h-px-lg-2 h-px-md-2 h-px-2 v-inner-lg-2 v-inner-md-2 v-inner-2 style-346 style-local-12-c4 position-relative\">\n              <!---->\n              <!---->\n              <div class=\"w-100 h-y-container h-column__content h-column__v-align flex-basis-100 align-self-lg-start align-self-md-start align-self-start\">\n                <!---->\n                <div data-colibri-id=\"12-c5\" class=\"d-block style-349 style-local-12-c5 position-relative h-element\">\n                  <!---->\n                  <div class=\"h-image__frame-container-outer\">\n                    <div class=\"h-image__frame-container\">\n                      <!---->\n                      <!---->\n                      <img loading=\"lazy\" decoding=\"async\" width=\"1000\" height=\"1000\" src=\"http:\/\/www.kinderimwald.at\/wordpress\/wp-content\/uploads\/2023\/03\/cropped-Karin.png\" class=\"wp-image-342 style-349-image style-local-12-c5-image\" alt=\"\" srcset=\"https:\/\/www.kinderimwald.at\/wordpress\/wp-content\/uploads\/2023\/03\/cropped-Karin.png 1000w, https:\/\/www.kinderimwald.at\/wordpress\/wp-content\/uploads\/2023\/03\/cropped-Karin-300x300.png 300w, https:\/\/www.kinderimwald.at\/wordpress\/wp-content\/uploads\/2023\/03\/cropped-Karin-150x150.png 150w, https:\/\/www.kinderimwald.at\/wordpress\/wp-content\/uploads\/2023\/03\/cropped-Karin-768x768.png 768w\" sizes=\"auto, (max-width: 1000px) 100vw, 1000px\" \/>\n                      <div class=\"h-image__frame h-hide-lg h-hide-md h-hide-sm style-349-frameImage style-local-12-c5-frameImage\"><\/div>\n                    <\/div>\n                  <\/div>\n                <\/div>\n              <\/div>\n            <\/div>\n          <\/div>\n          <div class=\"h-column h-column-container d-flex h-col-lg-auto h-col-md-auto h-col-auto style-353-outer style-local-12-c6-outer\">\n            <div data-colibri-id=\"12-c6\" class=\"d-flex h-flex-basis h-column__inner h-px-lg-2 h-px-md-2 h-px-2 v-inner-lg-2 v-inner-md-2 v-inner-2 style-353 style-local-12-c6 position-relative\">\n              <!---->\n              <!---->\n              <div class=\"w-100 h-y-container h-column__content h-column__v-align flex-basis-100 align-self-lg-start align-self-md-start align-self-start\">\n                <!---->\n                <div data-colibri-id=\"12-c7\" class=\"h-global-transition-all h-heading style-354 style-local-12-c7 position-relative h-element\">\n                  <!---->\n                  <div class=\"h-heading__outer style-354 style-local-12-c7\">\n                    <!---->\n                    <!---->\n                    <h2 class=\"\">Karin Stadler<\/h2>\n                  <\/div>\n                <\/div>\n                <div data-colibri-id=\"12-c8\" class=\"h-text h-text-component style-358 style-local-12-c8 position-relative h-element\">\n                  <!---->\n                  <!---->\n                  <div class=\"\">\n                    <p>&nbsp;geb. 1983, wohnhaft in Altenberg, in Parterschaft, 2 Kinder.<\/p>\n                    <p>Zertifizierte Wald- und Erlebnisp\u00e4dagogin, Elementar- und Montessorip\u00e4dagogin, Sozialarbeiterin (Familien-\/Jugendsozialarbeit), Unternehmerin \u201eKinder im Wald\u201c, Landwirtin<\/p>\n                    <p><strong>Wunder und Abenteuer lauern draussen \u2013 vor allem im Wald.<\/strong>\n                      <br>\n                    <\/p>\n                    <p><span style=\"font-size: medium; color: rgb(0, 0, 0); font-weight: 400;\">Ich habe meinen ARBEITSORT in den WALD verlegt, weil dort Lernen lebendig wird \u2013 f\u00fcr Kinder, Jugendliche und P\u00e4dagoginnen gleicherma\u00dfen. <\/span><\/p>\n                    <p><span style=\"font-size: medium; color: rgb(0, 0, 0); font-weight: 400;\">Mit KINDERN entdecke ich die Natur spielerisch und mit allen Sinnen, w\u00e4hrend ich JUGENDLICHE&nbsp;in Projekten begleite, den Wald als Raum f\u00fcr Selbstentdeckung, Gemeinschaft und neue Perspektiven zu erleben. <\/span><\/p>\n                    <p><span style=\"font-size: medium; color: rgb(0, 0, 0); font-weight: 400;\">In SEMINAREN unterst\u00fctze ich P\u00e4dagoginnen dabei, den Wald als kraftvollen Lern- und Erfahrungsraum neu zu sehen und f\u00fcr ihre eigene Arbeit zu nutzen. <\/span><\/p>\n                    <p><span style=\"font-size: medium; color: rgb(0, 0, 0); font-weight: 400;\">Der Wald h\u00e4lt unz\u00e4hlige kleine Wunder und echte Abenteuer bereit \u2013 und genau diese m\u00f6chte ich f\u00fcr andere zug\u00e4nglich machen.<\/span><\/p>\n                  <\/div>\n                <\/div>\n              <\/div>\n            <\/div>\n          <\/div>\n        <\/div>\n      <\/div>\n    <\/div>\n  <\/div>\n<\/div>","protected":false},"excerpt":{"rendered":"<p>Karin Stadler &nbsp;geb. 1983, wohnhaft in Altenberg, in Parterschaft, 2 Kinder. Zertifizierte Wald- und Erlebnisp\u00e4dagogin, Elementar- und Montessorip\u00e4dagogin, Sozialarbeiterin (Familien-\/Jugendsozialarbeit), Unternehmerin \u201eKinder im Wald\u201c, Landwirtin Wunder und Abenteuer lauern draussen \u2013 vor allem im Wald. Ich habe meinen ARBEITSORT in den WALD verlegt, weil dort Lernen lebendig wird \u2013 f\u00fcr Kinder, Jugendliche und P\u00e4dagoginnen gleicherma\u00dfen. [&hellip;]<\/p>\n","protected":false},"author":1,"featured_media":158,"parent":0,"menu_order":0,"comment_status":"closed","ping_status":"closed","template":"page-templates\/full-width-page.php","meta":{"footnotes":""},"class_list":["post-12","page","type-page","status-publish","has-post-thumbnail","hentry"],"_links":{"self":[{"href":"https:\/\/www.kinderimwald.at\/wordpress\/wp-json\/wp\/v2\/pages\/12","targetHints":{"allow":["GET"]}}],"collection":[{"href":"https:\/\/www.kinderimwald.at\/wordpress\/wp-json\/wp\/v2\/pages"}],"about":[{"href":"https:\/\/www.kinderimwald.at\/wordpress\/wp-json\/wp\/v2\/types\/page"}],"author":[{"embeddable":true,"href":"https:\/\/www.kinderimwald.at\/wordpress\/wp-json\/wp\/v2\/users\/1"}],"replies":[{"embeddable":true,"href":"https:\/\/www.kinderimwald.at\/wordpress\/wp-json\/wp\/v2\/comments?post=12"}],"version-history":[{"count":11,"href":"https:\/\/www.kinderimwald.at\/wordpress\/wp-json\/wp\/v2\/pages\/12\/revisions"}],"predecessor-version":[{"id":795,"href":"https:\/\/www.kinderimwald.at\/wordpress\/wp-json\/wp\/v2\/pages\/12\/revisions\/795"}],"wp:featuredmedia":[{"embeddable":true,"href":"https:\/\/www.kinderimwald.at\/wordpress\/wp-json\/wp\/v2\/media\/158"}],"wp:attachment":[{"href":"https:\/\/www.kinderimwald.at\/wordpress\/wp-json\/wp\/v2\/media?parent=12"}],"curies":[{"name":"wp","href":"https:\/\/api.w.org\/{rel}","templated":true}]}}